 2*k + m. What is the highest common divisor of k and 5?
1
Suppose k = 3*k - 6. Suppose 24 = 3*q - k. Let o = -84 - -85. What is the greatest common divisor of o and q?
1
Let c(z) = 89*z**2 - 11*z + 9. Let m be c(1). What is the highest common divisor of m and 319?
29
Let a = 145 + -140. What is the greatest common divisor of a and 185?
5
Let z(q) = -q**3 + 14*q**2 + 5*q - 45. Let s be z(14). What is the highest common factor of s and 275?
25
Suppose 0 = -0*i - 4*i. Let t = i + 9. Suppose -t = -3*k + 39. Calculate the greatest common divisor of 32 and k.
16
Let m = -492 - -1276. What is the greatest common factor of m and 448?
112
Let o be 3*66/36 + 2/(-4). Suppose f = -m + 8 + 3, 0 = -o*m + 5*f + 65. Calculate the greatest common divisor of 2 and m.
2
Let d(j) = -28*j - 20. Let w be d(-15). What is the greatest common divisor of w and 32?
16
Suppose -p - 4 = -5. Suppose 0 = 5*m - 4 - p. Let d be (4 - -2)/(12/16). Calculate the greatest common factor of d and m.
1
Suppose 4*b + 5 = y + 1, -5*b - y + 4 = 0. Let j(x) = 9*x + 270. Let m be j(b). What is the greatest common factor of 54 and m?
54
Let l(u) = u**3 - 26*u**2 + 50*u - 41. Let c be l(24). What is the highest common factor of 7 and c?
7
Let o be 69/9 - 4/6. Suppose -o*u + 3*u = -3*t + 44, 3*u = -5*t + 112. Let f(l) = -2*l + 12. Let j be f(1). What is the highest common factor of j and t?
10
Suppose -12 - 21 = -11*y. Suppose -f + 3*c = 3*f - 81, y*f + 2*c - 65 = 0. What is the greatest common factor of 42 and f?
21
Let z(l) = 14*l**2 - 2*l + 1. Let i be z(1). Let a(d) = 5*d**2 + 10*d - 32. Suppose 6 = x + 13. Let v be a(x). What is the highest common divisor of v and i?
13
Let h be 21/70*-96*-10. What is the greatest common divisor of 64 and h?
32
Let l be 11/((-726)/12) - 476/(-77). What is the greatest common factor of 459 and l?
3
Suppose f = 3*a - 118, 0 = -11*a + 7*a - f + 155. Let o = 303 + a. Calculate the greatest common divisor of o and 38.
38
Suppose -c = 86 - 124. Calculate the greatest common divisor of c and 114.
38
Suppose 13 = -6*p + 25. Suppose -115 = -0*j - p*j - 5*h, 3*j - 205 = -h. Suppose 8*t = 4*t + 420. What is the greatest common factor of t and j?
35
Suppose 16 = -3*p + 37. Suppose -3*n + p = 4. Let w(o) = -o**3 - 8*o**2 - 7*o + 3. Let d be w(-7). Calculate the greatest common divisor of n and d.
1
Suppose -4*d + 4 = -2*i - 2*i, -2*d = 3*i - 17. Suppose -w = 5*y - 86, -y - 5*w + 2 = d. What is the highest common divisor of 72 and y?
18
Let m be -3 + 4 - (-100 - (-6)/3). What is the highest common factor of 11 and m?
11
Suppose 2*l - 8 = l + 2*c, -4*c = -12. Suppose 5*m - 8 = 2*x + 5, -l = x - 4*m. Calculate the greatest common divisor of 2 and x.
2
Suppose -5*s + 349 = 3*n, n + 37 = 2*s - 96. What is the highest common factor of s and 510?
34
Let x be 308/143 - 2/13. Suppose -s = -3*s + x*v + 100, v - 97 = -2*s. Let d = s + -24. Calculate the greatest common factor of 125 and d.
25
Suppose 3*b = -229 + 1228. Calculate the greatest common factor of 37 and b.
37
Suppose 17 = -0*o + o. Let m be (-2)/4 - 5/(-2). Let z = 117 + m. What is the greatest common divisor of o and z?
17
Let c(u) = -2*u - 10. Let y be c(-8). Let j(x) = -x**3 + 6*x**2 + 7*x - 6. Let f be j(y). Calculate the highest common divisor of f and 54.
18
Suppose 5*g = -11 + 26. Suppose 2*a - a = g. Calculate the greatest common divisor of 24 and a.
3
Let p be -14*(-4 + (-6 - -2)). Calculate the greatest common divisor of 42 and p.
14
Suppose 0 = 2*f + f - 264. Let z = 36 - 29. Suppose 0 = 3*k - 4*t - 21, -z - 8 = -5*t. Calculate the highest common divisor of k and f.
11
Suppose -4760 = -30*j + 22*j. Calculate the greatest common factor of 425 and j.
85
Let y be 1436/76 + (-70)/(-665). Calculate the highest common factor of y and 1729.
19
Let g be 4*3/6 + 0. Suppose 2*r - 2*m - g*m - 114 = 0, -r + 3*m + 58 = 0. What is the highest common factor of r and 11?
11
Suppose -3*l - l = -68. Let k be (-34*24/(-32))/(3/(-6) - -1). What is the highest common divisor of l and k?
17
Suppose 8*g = 3596 + 11692. Calculate the greatest common factor of 39 and g.
39
Suppose -3*q + 2*r + 25 = -19, -4*r - 4 = q. Suppose -c = c - q. Suppose d - 2*j - 52 = -c*j, 2*d - 164 = 4*j. What is the highest common factor of 48 and d?
24
Suppose 5*o - 67 = 4*i + 81, -2*i - 60 = -2*o. Let w be 46/161 - 40/(-7). Let m be ((-28)/w)/((-4)/6). Calculate the greatest common divisor of o and m.
7
Let w(v) = -v**3 + 13*v**2 + v - 46. Let g be w(12). Calculate the greatest common factor of 10 and g.
10
Let h = 34 + -23. Suppose 133 = h*t - 10*t. Calculate the greatest common factor of t and 19.
19
Let g be 7/(280/15) - (-1277)/8. What is the greatest common divisor of 70 and g?
10
Suppose -5*y + 16 = -434. Let w be y - (-2 - 0)/(-2 + 4). What is the greatest common factor of w and 7?
7
Let r(a) = a**3 - 9*a**2 - 7*a - 9. Let h be r(10). Suppose -2*v = v + h. Let m = v + 16. Calculate the greatest common divisor of m and 36.
9
Suppose -3*z = -h - 8, 0 = 2*z + h - 2*h - 7. Let l be (-39 + 3)*2/(-3). Suppose -6*d + l = -3*d. What is the greatest common factor of z and d?
1
Suppose -4*i + 667 - 111 = 0. Suppose -p = -101 - i. What is the highest common divisor of p and 30?
30
Let t(s) = s**3 + 4*s**2 + 3*s + 1. Let r be t(-2). Let b be ((-24)/(-28))/(r/84). Calculate the greatest common divisor of b and 16.
8
Let q(a) = -13*a**3 - a**2 + a + 1. Let c be q(-2). Let j = 11 + -11. Suppose j = 2*h - 18 - 4. What is the greatest common divisor of h and c?
11
Let i(b) be the first derivative of -b**4/4 + 3*b**3 + 11*b**2/2 + 5. Let h be i(10). Calculate the highest common factor of h and 10.
10
Let r be ((-2)/(-6))/((-2)/(-12)). Let x be (7/(-14))/(r/(-16)). Suppose -x*t + 26 = 2. Calculate the highest common divisor of t and 4.
2
Let s be 1/8 + 115/40. Suppose 39 = s*o - r, -8*r + 7*r = o - 17. Calculate the greatest common factor of 98 and o.
14
Let a = -157 - -158. Let l be -3 - a/((3/(-43))/3). What is the greatest common divisor of 100 and l?
20
Let x(l) = -l**3 - 21*l**2 - 23*l - 34. Let a be x(-20). Calculate the greatest common factor of a and 24.
2
Let c = -127 + 166. Let a be c/18 + 3/(-18) + 3. Let i be 2 + 11 - (-2 + 0). What is the highest common divisor of i and a?
5
Suppose 0 = -2*y + 3*y - 9. Let w be -3*1*(-42)/y. What is the greatest common divisor of w and 154?
14
Suppose -716 = -3*k - k. Suppose -k = 5*a - 69. Let o = -8 - a. What is the highest common divisor of 35 and o?
7
Let y = 37 + -28. Suppose 4*g + 25 = y, -4*g - 24 = -4*p. Calculate the highest common divisor of p and 22.
2
Let k(n) = 4*n - 4. Let o be k(2). Suppose -a - 3*q = -3*a + o, -3*q + 10 = 5*a. Suppose -21 - 1 = -a*r. What is the greatest common divisor of r and 11?
11
Let b be -3*6/(-3) + 24 + -7. Calculate the highest common factor of b and 1127.
23
Let v = -68 + 68. Suppose -3*y - 3*c + 69 = v, -2*y - 3*y - c + 103 = 0. Calculate the greatest common factor of 220 and y.
20
Let c be ((-66)/(-1))/((-144)/(-192)). Let y = 7 + -5. Let m be (2*-11)/(-3 + y). What is the greatest common divisor of c and m?
22
Let a be (34/1)/((-5)/5 + 3). Let l be (68/(-3))/(1/(-6)). Calculate the highest common factor of l and a.
17
Let t = -56 - -110. Suppose t = 2*l + 10. Calculate the greatest common factor of 11 and l.
11
Suppose -5*y - 4*h + 251 = 0, -123 - 22 = -3*y - h. Suppose -5*a + 7 - y = 0. Let l = -7 - a. What is the greatest common divisor of 2 and l?
1
Suppose 4*f + 102 - 782 = 0. Calculate the greatest common factor of 17 and f.
17
Suppose 7 = 5*c - 193. Suppose 2*k - 2*q = 8, 0*k - 4*k + 7 = 5*q. Suppose y = k*i + 23, -3*i = 3*y - i - 14. Calculate the highest common divisor of c and y.
8
Let z be 1 + (1 - (-3 + -39)). Let h(j) = -6*j**2 - 5 - j**2 + 52*j + j**3 - z*j. Let f be h(6). Calculate the greatest common divisor of 14 and f.
7
Let k = 337 - 232. Calculate the highest common factor of 840 and k.
105
Let p(b) = 12*b**2 + 6*b - 4. Let u be p(-6). Suppose -9*c + 3415 = -u. What is the highest common factor of c and 47?
47
Suppose -3*r = 3*k - 30, -2*k - r + 2 = -16. Suppose -t = -2 + 6. Let h be 71 + 2 - t/(-4). Calculate the highest common divisor of h and k.
8
Let p = 18 + -16. Suppose -p*o + 4*b = -104, -41 = -2*o - 2*b + 33. Calculate the greatest commo